ppose d + 5*y - 685 = -4*d, 5*d = -4*y + i. Is d a composite number?
True
Let c(b) = b**3 - 19*b**2 + 45*b + 20. Is c(27) prime?
False
Suppose 1 - 4 = -u. Suppose 0 = -4*a + 3*c + 641, -152 + 3 = -a - u*c. Is a prime?
False
Let a be (0 - -6) + (1 - 3). Let l(o) = o**3 + 14*o**2 + 9*o + 11. Let h be l(-10). Suppose -a*j = -6*j - 2*f + 158, 0 = 4*j + 5*f - h. Is j a prime number?
False
Suppose -3*y - 55 = -8*y. Let q = 82 + y. Is q - (0 + 3 + -5) composite?
True
Suppose -47069 + 4974 = -5*c. Is c a prime number?
True
Let q be (18/(-4) - -5)/(1/5386). Suppose -3*z + 2016 = -3*u, -4*z + 3*u + q = 4*u. Is z a composite number?
False
Let w(d) = 40*d + 8. Let y be w(-6). Suppose 4*a - 115 = f + 340, 3*a - 9 = 0. Let s = y - f. Is s a composite number?
False
Suppose -5*q + 0*q + 29 = 3*v, -2*q = 4*v - 6. Let f = -9 + q. Is 2 + (-221)/2*f a composite number?
False
Let l = -31 - -28. Let c be l/((-30)/34)*5. Is 4/(-34) + 3589/c a prime number?
True
Let t be (-4)/10 - (-1638)/70. Let r = 32 - t. Suppose -4*x - 785 = -r*x. Is x prime?
True
Suppose -2*k = 4*n + 28526, 5*k + 21390 = -3*n + 2*k. Is n/(-56) + 6/(-16) a composite number?
False
Suppose -3*i = -3, 2*j + 2*i - 4*i - 2 = 0. Suppose 5*p - j*w = 11665, 3*w + 2333 = p - 0*w. Is p composite?
False
Suppose -2*o + a = -1428, 0 = -0*a - a. Suppose o - 2229 = -5*b. Is b prime?
False
Suppose -49028 = -27*c + 13963. Is c prime?
True
Suppose -971659 = -36*n - 349543. Is n prime?
False
Suppose 4*u = -4*y + 3036, 13*y + 4 = 14*y. Is u prime?
False
Let t = 2672 - -4142. Is t a prime number?
False
Is (6/(-36)*-692)/((-4)/(-102)) a prime number?
False
Let t(m) = -2*m**2 - 17*m - 4. Let q be t(-8). Let y(v) = 2 + 0 - 495*v - q. Is y(-1) a prime number?
False
Let h = 5426 - 2127. Is h a composite number?
False
Let h = -67 + 69. Suppose -2386 = -5*d - h*l, -2*d + 2*l = -0*l - 960. Is d a prime number?
False
Suppose -12*x - 43006 = -13*x + 5*q, 0 = -3*x + 5*q + 129008. Is x a composite number?
True
Suppose 2840 = -3*o + 4*i + 20803, -5*i = -4*o + 23949. Is o prime?
True
Let t = -9 - 0. Let j(w) = 24*w**2 + 3*w - 4. Let b be j(1). Let l = b + t. Is l a composite number?
True
Let p(q) = -q**3 - 3*q**2 - 29*q + 37. Is p(-22) a composite number?
False
Suppose -2*n - 8313 = -g, 2*g - 18424 = -4*n - 1814. Is g a prime number?
False
Is ((-80)/(-120))/((-4)/(-16890)) composite?
True
Let p(u) = 14684*u**3 - 5*u**2 + 4*u. Is p(1) composite?
False
Suppose 26*f = 1352 + 63102. Is f composite?
True
Let g(o) = 6*o**2 - 2*o + 1. Suppose z = -t + 1, z + 0*z + 5 = 5*t. Let f be g(t). Suppose 9*l - 88 = f*l. Is l prime?
False
Suppose 2*o = -4*s + 26232, -3*o + 32791 = s + 4*s. Is s prime?
False
Suppose -9*x = 6*x - 1905. Is x a composite number?
False
Let z(o) be the first derivative of 2*o**2 - 7/4*o**4 + 2*o + 1 + 5/3*o**3. Is z(-4) prime?
False
Let j = 9730 - 5681. Is j composite?
False
Suppose -3*x + 45147 = 3*q, -5*q - 15039 = -6*q + 4*x. Is q a prime number?
False
Is (-88023)/(-91) - (-2)/(-7) a composite number?
False
Is (-29)/(-348) + (-214246)/(-24) composite?
True
Suppose 4 = 5*o - 36. Suppose -2*b + o = -2*l, -b - 4*l = -3*b + 8. Is (-2)/b*(-74)/1 a composite number?
False
Suppose 5*c - 8 = 2*c + 2*g, -g = -3*c + 7. Suppose -c*y - 994 = -4*y. Is y a composite number?
True
Let s(w) be the third derivative of 9*w**2 + 1/12*w**4 - 11/6*w**3 + 0*w + 0. Is s(11) prime?
True
Suppose 3*g + 45 = g + 3*u, -3*u + 90 = -5*g. Let j be (-4)/(-10) - (-6)/g. Suppose h + 23 - 106 = j. Is h a composite number?
False
Let k = -41499 - -73126. Is k prime?
True
Let x(k) = -2*k - 7. Let l be x(-5). Suppose l*h = -3*h + 1842. Is h a prime number?
True
Let q = -1 + 6. Suppose q*j - 3*j = 158. Is j a prime number?
True
Suppose 5*o - 3*f = 57910, -5*o + 5*f + 69674 - 11754 = 0. Is o a composite number?
False
Let n be 4439/10*2 + 2/10. Suppose 4*c - 3*z = 711, 3*z + n = 5*c - 0*c. Is c prime?
False
Let n = -2341 - -1325. Let l = n + 2055. Is l composite?
False
Let p(c) = -c**3 + 11*c**2. Suppose -38 + 5 = -3*l. Let y be p(l). Suppose -5*j + 0*j + 1905 = y. Is j a prime number?
False
Let f(u) = 4*u**2 + 22*u + 6. Let c be f(-5). Is (c + 558 + -3)/(3/3) prime?
False
Suppose v - 5*v = -18284. Is v a prime number?
False
Let d(x) = 23*x - 50. Suppose -4*s = -4*i - 9*s + 107, -14 = -i + 3*s. Is d(i) composite?
False
Let x be 164 + (36/198 - 92/22). Let l = 1029 - x. Is l a composite number?
True
Suppose -9*q - 8039 = -31250. Is q a composite number?
False
Suppose 33830 = 5*p - 41145. Is p a prime number?
False
Suppose 3*l = -16*l + 251237. Is l a prime number?
False
Let g be 14/35 - (-8)/5. Suppose 1179 = g*i - 67. Is i prime?
False
Suppose -14*o + 153698 = -566588. Is o a composite number?
False
Let d = 25655 + -12106. Is d a prime number?
False
Is (-12301)/(-7) + 2/(-7) + 0 prime?
False
Let y(q) = 2 - 20*q**3 + 5 - 8. Suppose -2*h + 4*h = -2. Is y(h) a prime number?
True
Let s = 9 + -5. Suppose 0*b - 8 = s*b. Is ((-771)/(-9))/(b/(-6)) a composite number?
False
Suppose c + 5*x - 4117 = 0, -c + 3011 = -4*x - 1151. Let l = 5928 - c. Suppose 4*j + n - 4*n = l, 2*j - 3*n - 896 = 0. Is j a prime number?
False
Is (347/3)/(16/12 + -1) a composite number?
False
Let m be 32/(-48)*(-2814)/4. Is 0/((-4)/4) + m a composite number?
True
Let c(z) be the second derivative of -z**3/6 - 4*z**2 + 2*z. Let h be c(-13). Suppose 2*o + 231 = h*o. Is o prime?
False
Let k(u) = 13*u - 14. Let f be k(-13). Let g = 68 - f. Is g a prime number?
True
Let y = 6 + -10. Let c be 3*((-80)/12)/y. Suppose 6792 = c*b + 3*b. Is b a prime number?
False
Suppose 4*h - 14 = -50. Let o(q) = q**3 + 10*q**2 + 9*q - 4. Let w be o(h). Is 115 - (-3)/(6/w) prime?
True
Suppose 5*j - 27 - 68 = 0. Let g = j - 17. Suppose -3*b - g*b = -175. Is b a composite number?
True
Is (1 - 2)*(-5 + -3623 - -15) composite?
False
Let n = -43852 - -72449. Is n composite?
False
Let o be -2 - (-2)/((-3)/(-3)). Let k be 511 + 1 + -2 + o. Suppose 0 = 3*u - 2 - 4, k = 4*x + u. Is x a composite number?
False
Let a = 2665 + 3114. Is a prime?
True
Suppose 9*k - 12766 = 5045. Is k a prime number?
True
Suppose 14 = 6*h - 16. Suppose 0 = -h*n - d + 4858, 7*d + 956 = n + 2*d. Is n prime?
True
Is (-66)/(-231)*(-14)/(-4)*91367 composite?
False
Suppose 30*s - 13*s = -4522. Let j(p) = -2*p**3 + 7*p**2 + 3*p + 5. Let w be j(6). Let n = w - s. Is n prime?
True
Suppose -266 + 1016 = 6*i. Let g be 21/6 + 3/(-2). Suppose 1141 + i = g*y. Is y composite?
True
Let w be (-154)/(-30) + 12/(-90). Suppose -2*f = -0*f + 4*x - 2146, 0 = -f + w*x + 1052. Is f composite?
True
Let v = 91454 + -5220. Is v a composite number?
True
Let v = -11 - -13. Suppose -d - 4773 = -v*h - 2*h, 2390 = 2*h - 4*d. Is h prime?
True
Let c(a) = 3*a**2 - 11*a - 15. Let m be (-7)/7 + 3*-1. Let j(p) = p**2 + 7*p + 6. Let r be j(m). Is c(r) a prime number?
False
Let a(i) = -520*i - 9. Let w(v) = 260*v + 5. Let o(r) = 6*a(r) + 10*w(r). Let g be o(-3). Suppose -2*u + 6*u - g = 0. Is u composite?
False
Let k = 6519 - 2828. Is k a composite number?
False
Let p be 5/(-8) - 12/32 - -1423. Suppose 0 = 2*l + 4*s - p, -l + 2*s = -558 - 149. Is l a composite number?
False
Let b(m) = 2627*m**2 + 19*m - 86. Is b(4) composite?
True
Let l(u) = 137*u. Let t be l(1). Let p(y) = -74*y. Let a be p(-3). Let c = a - t. Is c a composite number?
True
Let m = 33 + -29. Suppose 0 = 2*n + m*u - 1838, 3*n = -3*u + u + 2761. Is n composite?
True
Suppose 5*a = 4*k + 20, -k - a + 4 = k. Suppose 4*x + 20 = k, 4*o + 5*x = -0*x + 1203. Is o prime?
True
Suppose -3*v + 1274 = 485. Is v composite?
False
Let t = 4 + -2. Suppose 2*v + t*a = -v + 17, 5*v = -4*a + 25. Suppose 2*d - 164 = 2*u - 0*u, 0 = 3*u + v. Is d prime?
True
Suppose 3*h + 16654 = 35*a - 33*a, -2*a = 2*h - 16674. Is a composite?
True
Suppose 3*x = -4*r + 29893, 5*r - 50099 + 274 = -5*x. Is x composite?
False
Let c = 2817 - 326. Is c composite?
True
Suppose -26818 = 5*y - 65763. Is y composite?
False
Suppose 0*w + 13503 = 3*w. Is w composite?
True
Suppose -10 = 5*h - 4*l - 28, 2*h - 2*l - 8 = 0. Suppose h*x - 923 = 251. Is x a composite number?
False
Suppose -7*t = -8955 - 26. Is t prime?
True
Let p be (18/(-6))/(-1 + 0). Let a(q) = -q - 1 - 6*q**2 + q - 2*q**p - 2. Is a(-5) composite?
False
Let s(p) = -p + 7. Let y be s(10). Let g = y + 6. Su